et m be p(-1). Let t(x) = m*x - x**3 - 7*x - 3 + 5 + 5*x**2 - 3*x**2. What is t(2)?
0
Let c(s) = -s - 1. Let j be -1*4 + (-18)/(-2). Let k(d) = 5*d + 11. Let q(m) = 6*m + 12. Let a(u) = 7*k(u) - 6*q(u). Let t be a(j). Calculate c(t).
-1
Let n(a) = a - 3 + 0 - 2. Let j be n(6). Let y(z) = 1 + 2*z + 1 + j. What is y(-2)?
-1
Let v(j) be the first derivative of j**2/2 - 7. Give v(4).
4
Let w be 92/16 - 2/(-8). Let s(z) = -z. Let n(r) = -r**3 + 7*r**2 - 13*r - 7. Let b(c) = n(c) - 6*s(c). Calculate b(w).
-13
Let n(r) = 5*r - r**2 + 0*r - 5*r + 9. Calculate n(0).
9
Let t(r) = 1. Let k(i) = i - 2. Let p(q) = -3*k(q) - 2*t(q). Calculate p(3).
-5
Let y(d) = -d**3 + 4*d**2 - 2. Suppose a = 6 - 3. What is y(a)?
7
Let p(k) = 7*k**2 - 19*k + 3. Let f(g) = 2*g**2 - 5*g + 1. Let v(a) = 22*f(a) - 6*p(a). Give v(-3).
10
Let j(v) be the third derivative of -v**8/6720 + v**7/630 + v**6/180 + v**5/30 - v**4/24 + 3*v**2. Let o(y) be the second derivative of j(y). Determine o(5).
-1
Let r(x) = -x**2 - 6*x - 3. Let n(u) = 3*u - 4. Let m(a) = 6*a - 9. Let b(t) = 4*m(t) - 9*n(t). Let y be b(-1). Suppose y*h - 2 = -14. Give r(h).
5
Suppose 0 - 28 = -5*y + 2*q, 0 = -2*y - 2*q. Suppose 4*x + 4 = -0*x - y*i, 0 = -5*i - 15. Let p(z) = 3*z**x + 4*z + 3*z**2 + 0*z**2 + 2 - 3*z**2. What is p(-2)?
6
Let t(k) be the third derivative of -5*k**2 - 1/2*k**3 - 1/8*k**4 + 0 + 0*k. What is t(-3)?
6
Let x(c) be the first derivative of 3/2*c**2 - 2*c + 2. Let s(y) = -y**3 - y**2 + y + 2. Let i be s(0). Give x(i).
4
Suppose 4*d + 0*n + 3*n = 0, -2*d + 10 = -n. Let z be (-1)/(-2)*(d - 19). Let c(m) = -m**2 - 9*m - 9. Let y be c(z). Let f(p) = 2*p. Calculate f(y).
-2
Let p(g) = 2*g + 6 + 16*g**2 - g**3 + 5*g**2 - 17*g**2. Calculate p(5).
-9
Let y(c) be the first derivative of 1/60*c**5 + 2*c**2 + 0*c**4 - 1/6*c**3 - 1/30*c**6 - 3 + 0*c. Let i(g) be the second derivative of y(g). What is i(-1)?
4
Let r = 38 + -40. Let c(y) = -2*y**3 - y**2 + 3*y + 3. Give c(r).
9
Let o(y) = y**2 - 4*y + 3. Let k(m) = -m**2 + 3*m - 4. Suppose -5*b + 6 = -4. Let c(n) = b*k(n) + 3*o(n). Determine c(6).
1
Let u(o) = -o**2 - 5*o - 2. Suppose 5*t + 30 = -5*s, -3*s + s = 5*t + 15. Let g be u(s). Let y(m) = 0 + 3*m**2 - m**2 - 1. What is y(g)?
7
Let c(n) = -n**2 + n + 1. Suppose 0 = 3*w + 2*s - 9, -2*s = 5*w + 2*s - 15. Calculate c(w).
-5
Let s(r) = 2 + 5*r**2 - 3*r**2 - r**3 + 5*r**3. Determine s(-2).
-22
Let t(j) = -j**2 - j - 5. Let o be t(0). Let b(k) = -k**3 - 4*k**2 + 6*k + 5. Let a be b(o). Let i(r) = -r**2 - r - 1. Calculate i(a).
-1
Let x(p) = p**2 - 8*p + 3. Let z be x(7). Let a(w) = -w**3 - 3*w**2 + 4*w + 6. Give a(z).
6
Let j = 39 - 27. Suppose -3*m + 6*u - j = 4*u, -4*u = 3*m - 6. Let g(v) = -3*v**2 - v + 1. Determine g(m).
-9
Let v = 28 + -12. Let i(l) = -6 + v + 4*l - 8 + l**2. Determine i(-2).
-2
Let g(u) = 0*u - 53*u**3 + 4 + 52*u**3 + 3*u - 1. Let h be 2/3 + 16/(-6). Determine g(h).
5
Let c(i) be the second derivative of -i**5/20 - i**4/3 + i**3/6 + i**2 + i. Let a = 32 + -34. What is c(a)?
-8
Let n(y) = -y**2 - y - 1. Suppose -4*x - 3 = -3*x. Let q = x - -7. Suppose 0 = -q*t + 2*t. Give n(t).
-1
Suppose -6 - 4 = -5*j. Let x(f) = -3*f**2 - 2*f + 3. Give x(j).
-13
Let c(b) = -b - 6 + 8 - 6. What is c(-7)?
3
Let h(z) = -z**2 + 10 - 8*z + 6 - 13. What is h(-6)?
15
Suppose 0*k = -3*k. Let d(s) = -4 + s - 4 + k + 4. Suppose 3*j - 6 = 9. Calculate d(j).
1
Let y(j) = j**2 + 4*j + 2. Let o(u) = -3*u - 3. Let b be o(-2). Suppose -3*p + 13 = -5*g, -g - 2*p = -b*g - 2. Calculate y(g).
7
Let n(p) = 4 - p**2 - 3 + 14*p - 2 - 22*p. What is n(-8)?
-1
Let i(t) = -17*t - 15. Let n(p) = -9*p - 8. Let w(m) = 6*i(m) - 11*n(m). What is w(3)?
-11
Suppose 4*u - 2*c - 5 = 7, -2*c = 3*u - 9. Suppose 3*n + 2 = 3*a - 4, -u*a = 2*n + 9. Let y = -5 - n. Let w(m) = 3*m + 3. What is w(y)?
-3
Let x = 56 + -60. Let v(s) be the second derivative of -s**3/3 + s**2/2 - s. What is v(x)?
9
Suppose 1 + 8 = 3*r. Suppose -4*m - 5*g + 4 = -2, -5*g = 3*m - 2. Let k(u) = m - u**2 + 1 - 3 + 2. What is k(r)?
-5
Let i(d) be the second derivative of -d**4/12 + d**3/6 - 2*d**2 - 56*d. Let m = 2 - 2. Determine i(m).
-4
Let t(v) = -20*v - 176. Let s be t(-9). Let j(r) = 2. Let i(g) = g + 8. Let x(c) = 2*i(c) - 9*j(c). Give x(s).
6
Let h be 5/25*0 + -1. Let u(n) = -9*n + 1. Determine u(h).
10
Let o(k) = k**2 + 3. Suppose 2*p - 7*p + 30 = 0. Suppose -p*f = -f. Suppose 3*s + s = f. Determine o(s).
3
Let r = -148 + 145. Let u(c) = c - 4*c**2 - 3*c - c**3 + 5 - 2. Give u(r).
0
Let u(z) = 7 - 1723*z + z**2 + 1717*z - 2*z**2. Determine u(-7).
0
Let j(y) be the third derivative of y**3 + 0*y + 1/60*y**5 + 0 - 5/24*y**4 - y**2. Let m be -5*(0 + (-2)/2). Determine j(m).
6
Let d(r) = -r**3 + 5*r**2 + 6*r + 1. Let y be d(6). Let f(n) = y + 0*n - 2 + 5*n. Determine f(1).
4
Let c(o) = 0*o - 1 + o - 2. Let a be 21/12 + 1/4. Suppose -4*x + 0*p - 2*p = 8, 1 = x + a*p. What is c(x)?
-6
Let v(a) = 16*a**2 - 31*a + 4. Let o(p) = 3*p**2 - 6*p + 1. Let f(z) = -11*o(z) + 2*v(z). What is f(4)?
-3
Let l = 57 - 46. Let i(y) = -3*y + 24. Let d(f) = -f. Let t(b) = -4*b + 8. Let n(h) = 3*d(h) - t(h). Let g(r) = l*n(r) + 4*i(r). Give g(0).
8
Let k(a) be the first derivative of -3*a + 1/2*a**2 - 1. Calculate k(4).
1
Let p(n) = n - 1. Let l(y) = 10*y - 7. Let i(u) = -2*l(u) + 18*p(u). Let j(w) = 3*w + 5. Let v(q) = -4*i(q) - 3*j(q). Give v(-4).
5
Let l(j) be the second derivative of -j**4/6 + j**3/6 + j**2/2 - 33*j. Calculate l(-1).
-2
Let n(t) be the first derivative of -t**6/15 - t**5/60 - t**4/24 - t**3/6 - t**2/2 - 1. Let a(p) be the second derivative of n(p). Determine a(-1).
7
Let i(s) = -1 + s - 3*s**3 + s**3 - 9*s**3. Calculate i(1).
-11
Let c(g) = g**3 - 6*g**2 + 5*g + 3. Let i be c(5). Let a = -4 - -6. Let x(h) = 6*h + 6 - 6 - h**a - 3. What is x(i)?
6
Let g(t) = 5*t**3 - t - 1. Let z be g(-1). Let x = 2 + z. Let v(s) = s**2 + 2*s + 3. Determine v(x).
6
Let l(p) = -p + 5. Let u(i) = -4*i + 21. Suppose 18 = 3*a + 6. Let t(v) = a*u(v) - 18*l(v). What is t(5)?
4
Let i(o) = 3 + 2*o - 3. Let p(m) = 2*m**2 + m - 1. Let y be p(-2). Suppose 3 = y*a - 17. Determine i(a).
8
Let q = 6 + -9. Let j(i) = 2 - 5*i**3 + 4*i - 3*i**2 + 6*i**3 + 8*i**2. What is j(q)?
8
Let b(y) = -y - 6. Let f = -15 + 7. Let p be b(f). Let a(q) = -16*q - 4*q**3 - 2*q**p + 5*q**3 + 14*q. Calculate a(3).
3
Let l(i) = -i**3 + 3*i**2 + 5*i - 2. Let z be -2 - (-3 + -3 + 0). Let p be l(z). Let f(d) = -3 - 1 + 7*d + 4 - d**p. Calculate f(5).
10
Let t(a) = 4*a - 2 - 3*a + 5 - 4*a + a**2. Determine t(2).
1
Let c = 13 + -8. Let f(t) = -t**2 + t - 3. Let n(p) = 2. Let b(r) = -4*f(r) - 5*n(r). Let k(u) = 5*u**2 - 4*u + 3. Let a(m) = 4*b(m) - 3*k(m). What is a(c)?
4
Let c(k) = 4*k + 4. Let i(a) = -6*a - 6. Let t(z) = -7*c(z) - 5*i(z). Let m be -1 - -1 - (-1 - 1). Determine t(m).
6
Let d(v) = 11*v. Suppose -17*q = -18*q - 1. What is d(q)?
-11
Let o(c) = -8*c - 1. Let p be o(-1). Let j(n) = 8233 - 8228 + n - 2*n. Give j(p).
-2
Suppose 27*x + 3 = 28*x. Let h(w) = w**2 + 2*w - 1. Let p be h(-3). Let m(b) = b - p*b**2 - 5*b**2 + 4*b**2 + b**3. What is m(x)?
3
Let x(y) be the third derivative of y**5/60 + y**4/6 + 2*y**2. Let w(l) = 4*l**2 - 5 + 3*l + 5*l**2 + l**3 + 5*l. Let r be w(-8). Give x(r).
5
Let c(i) = -5*i - 2*i**2 + i - 3 + i - 2*i. Determine c(-4).
-15
Let h(r) = 2*r**3 + 7*r**2 + r + 3. Let j(x) = -x**3 - x**2 + 1. Let k(s) = -h(s) - j(s). Calculate k(-6).
2
Let w(v) = 2*v**3 - 14*v**2 + 8*v + 2. Let r(a) = a**3 - 7*a**2 + 4*a + 1. Let k(q) = -11*r(q) + 6*w(q). Calculate k(6).
-11
Suppose 2*g - 3 = -0*v - 5*v, 4*v - 2*g - 6 = 0. Suppose -4*f = -3*f - v. Let r(c) = 4*c**3 - 3*c**3 + 4*c**3 + c. What is r(f)?
6
Let n(d) = 13*d + 12. Let i(t) = 7*t + 6. Let q(g) = -7*i(g) + 4*n(g). What is q(-5)?
-9
Let d be (-4)/1 - -7*1. Let g(t) = t - 6. Give g(d).
-3
Let h(z) = z**2 + 7*z - 5. Let o = 55 + -32. Suppose -2*y = o - 7. Let n be h(y). Let b(u) = -u**3 + 4*u**2 - 3*u. What is b(n)?
0
Let n(k) = k + k - 2*k - k**2 - k. Determine n(-1).
0
Let u(r) = 5*r**3 + r**2 + r - 1. Let k be (7 - 2/2)/1. Suppose 2*i - w - k = 0, 3*i = 5*i - 2*w - 8. Let x be i/8 - (-12)/16. Give u(x).
6
Let z(q) = 2*q - 12. Let f(m) = m**3 - m**2 - 13*m + 13. Let o be f(4). What is z(o)?
6
Suppose 5*l = -a + 18, -5*a + 26 = -a - 3*l. Let